{"id":846,"date":"2017-08-09T10:25:39","date_gmt":"2017-08-09T08:25:39","guid":{"rendered":"http:\/\/www.anwaltsgebot.de\/berlin\/?page_id=846"},"modified":"2025-12-18T09:05:31","modified_gmt":"2025-12-18T08:05:31","slug":"impressum","status":"publish","type":"page","link":"https:\/\/www.anwaltsgebot.de\/berlin\/impressum\/","title":{"rendered":"Impressum"},"content":{"rendered":"<div class=\"pdfprnt-buttons pdfprnt-buttons-page pdfprnt-top-right\"><a href=\"javascript: imageToPdf()\" class=\"pdfprnt-button pdfprnt-button-pdf\" target=\"_self\"><img decoding=\"async\" src=\"https:\/\/www.anwaltsgebot.de\/berlin\/wp-content\/plugins\/pdf-print\/images\/pdf.png\" alt=\"image_pdf\" title=\"Download PDF\" \/><\/a><\/div><h4><strong>Anbieter und zentrale Kontaktstelle<br \/>\n<\/strong><\/h4>\n<p>von anwaltsgebot.de und ihrer Unterseite www.anwaltsgebot.de\/berlin:<\/p>\n<p><strong>anwaltsgebot.de UG (haftungsbeschr\u00e4nkt)<\/strong><\/p>\n<p>Gesch\u00e4ftsf\u00fchrer: Dirk Andresen<\/p>\n<p>Torstra\u00dfe 97<br \/>\n10119 Berlin<\/p>\n<p><strong>E-Mail<\/strong> <a href=\"mailto:info@anwaltsgebot.de\">info(at)anwaltsgebot.de<\/a><\/p>\n<p><strong>Tel.<\/strong> 030 &#8211; 120 824 90<\/p>\n<p>(Kommunikation in Deutsch und Englisch)<\/p>\n<p><strong>\u00a0<\/strong><\/p>\n<p><strong>Eingetragen im<\/strong><br \/>\nHandelsregister des Amtsgerichts Berlin-Charlottenburg<br \/>\nHRB 188479 B<\/p>\n<p><strong>Umsatzsteueridentifikationsnummer: <\/strong>DE313024428<strong><br \/>\n<\/strong><\/p>\n<p>&nbsp;<\/p>\n<p><strong>Urheberrechte und geistiges Eigentum<br \/>\n<\/strong><\/p>\n<p>Die auf dieser Website verwendeten Texte, Datenbank-Eintr\u00e4ge (einschlie\u00dflich der Datenbank als solcher), Grafiken, Fotos, Marken und Kennzeichen unterliegen dem Urheberrecht oder anderen Regeln zum Schutz des geistigen Eigentums.<\/p>\n<p><strong><br \/>\nDisclaimer<\/strong><\/p>\n<p>Trotz sorgf\u00e4ltiger inhaltlicher Kontrolle wird keine Haftung f\u00fcr die Inhalte externer\u00a0Websites, auf die diese Website direkt oder indirekt verweist, \u00fcbernommen.\u00a0F\u00fcr den Inhalt der verlinkten Seiten sind ausschlie\u00dflich deren Betreiber verantwortlich.<\/p>\n<p>&nbsp;<\/p>\n<p><strong>Bezeichnungen<\/strong><\/p>\n<p>Zwecks besserer Lesbarkeit wird auf eine durchg\u00e4ngige geschlechtsspezifische Differenzierung, wie z.B. \u201cRechtsanw\u00e4ltin\u201d, verzichtet. Bezeichnungen wie \u201cRechtsanwalt\u201d oder \u201cAnwalt\u201d gelten gegebenenfalls gleicherma\u00dfen f\u00fcr alle Geschlechter.<\/p>\n<p>&nbsp;<\/p>\n<p><strong>Header-Foto (Homepage):<\/strong> <a href=\"https:\/\/www.flatworldphoto.com\" target=\"_blank\" rel=\"noopener noreferrer\">flatworldphoto<\/a><\/p>\n<p><strong><br \/>\nCMS:<\/strong> WordPress<\/p>\n","protected":false},"excerpt":{"rendered":"Anbieter und zentrale Kontaktstelle von anwaltsgebot.de und ihrer Unterseite www.anwaltsgebot.de\/berlin: anwaltsgebot.de UG (haftungsbeschr\u00e4nkt) Gesch\u00e4ftsf\u00fchrer: Dirk Andresen Torstra\u00dfe 97 10119 Berlin E-Mail info(at)anwaltsgebot.de Tel. 030 &#8211; 120 824 90 (Kommunikation in Deutsch und Englisch) \u00a0 Eingetragen im Handelsregister des Amtsgerichts Berlin-Charlottenburg HRB 188479 B Umsatzsteueridentifikationsnummer: DE313024428 &nbsp; Urheberrechte und geistiges Eigentum Die auf dieser Website verwendeten&hellip;\n","protected":false},"author":7,"featured_media":0,"parent":0,"menu_order":0,"comment_status":"closed","ping_status":"closed","template":"","meta":{"footnotes":""},"wps_subtitle":"","_links":{"self":[{"href":"https:\/\/www.anwaltsgebot.de\/berlin\/wp-json\/wp\/v2\/pages\/846"}],"collection":[{"href":"https:\/\/www.anwaltsgebot.de\/berlin\/wp-json\/wp\/v2\/pages"}],"about":[{"href":"https:\/\/www.anwaltsgebot.de\/berlin\/wp-json\/wp\/v2\/types\/page"}],"author":[{"embeddable":true,"href":"https:\/\/www.anwaltsgebot.de\/berlin\/wp-json\/wp\/v2\/users\/7"}],"replies":[{"embeddable":true,"href":"https:\/\/www.anwaltsgebot.de\/berlin\/wp-json\/wp\/v2\/comments?post=846"}],"version-history":[{"count":58,"href":"https:\/\/www.anwaltsgebot.de\/berlin\/wp-json\/wp\/v2\/pages\/846\/revisions"}],"predecessor-version":[{"id":3495,"href":"https:\/\/www.anwaltsgebot.de\/berlin\/wp-json\/wp\/v2\/pages\/846\/revisions\/3495"}],"wp:attachment":[{"href":"https:\/\/www.anwaltsgebot.de\/berlin\/wp-json\/wp\/v2\/media?parent=846"}],"curies":[{"name":"wp","href":"https:\/\/api.w.org\/{rel}","templated":true}]}}